{"id":3177,"date":"2014-02-11T18:58:26","date_gmt":"2014-02-11T16:58:26","guid":{"rendered":"http:\/\/timgabor.hu\/gabortim2010\/?page_id=3177"},"modified":"2016-01-06T14:31:37","modified_gmt":"2016-01-06T12:31:37","slug":"eredmenyek-2","status":"publish","type":"page","link":"https:\/\/timgabor.hu\/en\/eredmenyek-2\/","title":{"rendered":"Eredm\u00e9nyek 2014"},"content":{"rendered":"<h2 id=\"stcpDiv\" style=\"text-align: center;\">RCM CUP 2014<\/h2>\n<div style=\"text-align: center;\">\u00c1prilis 25-27. Hungaroring &#8211; <a href=\"https:\/\/www.scribd.com\/doc\/243078480\/RCM-CUP-I-verseny-id%C5%91meres\" target=\"_blank\">id\u0151m\u00e9r\u00e9s<\/a> \u2022 <a href=\"https:\/\/www.scribd.com\/doc\/243078485\/RCM-CUP-I-verseny\" target=\"_blank\">verseny I.<\/a> \u2022\u00a0 <a href=\"https:\/\/www.scribd.com\/doc\/243078489\/RCM-CUP-II-verseny\" target=\"_blank\">verseny II. <\/a><\/div>\n<div style=\"text-align: center;\">M\u00e1jus 2-4. Hungaroring \u2013 FIA WTCC &#8211; <a href=\"https:\/\/www.scribd.com\/doc\/243079372\/RCM-CUP-III-verseny-id%C5%91meres\" target=\"_blank\">id\u0151m\u00e9r\u00e9s<\/a> \u2022 <a href=\"https:\/\/www.scribd.com\/doc\/243079243\/RCM-CUP-III-verseny\" target=\"_blank\">verseny I.<\/a> \u2022\u00a0 <a href=\"https:\/\/www.scribd.com\/doc\/243079447\/RCM-CUP-IV-verseny\" target=\"_blank\">verseny II. <\/a><\/div>\n<div style=\"text-align: center;\">M\u00e1jus 9-11. Slovakiaring \u2013 FIA WTCC &#8211; <a href=\"https:\/\/www.scribd.com\/doc\/243079777\/RCM-CUP-V-verseny-id%C5%91meres\" target=\"_blank\">id\u0151m\u00e9r\u00e9s<\/a> \u2022 <a href=\"https:\/\/www.scribd.com\/doc\/243079838\/RCM-CUP-V-verseny\" target=\"_blank\">verseny I.<\/a> \u2022\u00a0 <a href=\"https:\/\/www.scribd.com\/doc\/243079873\/RCM-CUP-VI-verseny\" target=\"_blank\">verseny II. <\/a><\/div>\n<div style=\"text-align: center;\">J\u00fanius 20-22. Pannoniaring &#8211; <a href=\"https:\/\/www.scribd.com\/doc\/243081338\/RCM-CUP-VII-verseny-id%C5%91meres\" target=\"_blank\">id\u0151m\u00e9r\u00e9s<\/a> \u2022 <a href=\"https:\/\/www.scribd.com\/doc\/243081399\/RCM-CUP-VII-verseny\" target=\"_blank\">verseny I.<\/a> \u2022\u00a0 <a href=\"https:\/\/www.scribd.com\/doc\/243081442\/RCM-CUP-VIII-verseny\" target=\"_blank\">verseny II. <\/a><\/div>\n<div style=\"text-align: center;\">Augusztus 21-23. Slovakiaring \u2013 FIA GT &#8211; id\u0151m\u00e9r\u00e9s \u2022 verseny I. \u2022\u00a0 verseny II.<\/div>\n<div style=\"text-align: center;\">Okt\u00f3ber 10-12. Hungaroring &#8211; <a href=\"https:\/\/www.scribd.com\/doc\/243078480\/RCM-CUP-I-verseny-id%C5%91meres\" target=\"_blank\">id\u0151m\u00e9r\u00e9s 1.<\/a> \u2022 <a href=\"https:\/\/www.scribd.com\/doc\/243083344\/RCM-CUP-IX-verseny\" target=\"_blank\">verseny I.<\/a> \u2022\u00a0 <a href=\"https:\/\/www.scribd.com\/doc\/243083378\/RCM-CUP-X-verseny\" target=\"_blank\">verseny II. <\/a>\u2022 <a href=\"https:\/\/www.scribd.com\/doc\/243083439\/RCM-CUP-XI-verseny\" target=\"_blank\">verseny III.<\/a><\/div>\n<div style=\"text-align: center;\"><\/div>\n<div style=\"text-align: center;\">\u2022\u2022\u2022\u2022\u2022<\/div>\n<p style=\"text-align: center;\"><a href=\"http:\/\/timgabor.hu\/en\/?page_id=641\">Archive 2010-2013<\/a><\/p>","protected":false},"excerpt":{"rendered":"<p>RCM CUP 2014 \u00c1prilis 25-27. Hungaroring &#8211; id\u0151m\u00e9r\u00e9s \u2022 verseny I. \u2022\u00a0 verseny II. M\u00e1jus 2-4. Hungaroring \u2013 FIA WTCC &#8211; id\u0151m\u00e9r\u00e9s \u2022 verseny I. \u2022\u00a0 verseny II. M\u00e1jus 9-11. Slovakiaring \u2013 FIA WTCC &#8211; id\u0151m\u00e9r\u00e9s \u2022 verseny I. \u2022\u00a0 verseny II. J\u00fanius 20-22. Pannoniaring &#8211; id\u0151m\u00e9r\u00e9s \u2022 verseny I. \u2022\u00a0 verseny II. Augusztus 21-23. [&hellip;]<\/p>\n","protected":false},"author":1,"featured_media":0,"parent":0,"menu_order":0,"comment_status":"open","ping_status":"open","template":"","meta":{"footnotes":""},"class_list":["post-3177","page","type-page","status-publish","hentry"],"yoast_head":"<!-- This site is optimized with the Yoast SEO plugin v27.4 - https:\/\/yoast.com\/product\/yoast-seo-wordpress\/ -->\n<title>Eredm\u00e9nyek 2014 - TimGabor.hu<\/title>\n<meta name=\"robots\" content=\"index, follow, max-snippet:-1, max-image-preview:large, max-video-preview:-1\" \/>\n<link rel=\"canonical\" href=\"https:\/\/timgabor.hu\/en\/eredmenyek-2\/\" \/>\n<meta property=\"og:locale\" content=\"en_GB\" \/>\n<meta property=\"og:type\" content=\"article\" \/>\n<meta property=\"og:title\" content=\"Eredm\u00e9nyek 2014 - TimGabor.hu\" \/>\n<meta property=\"og:description\" content=\"RCM CUP 2014 \u00c1prilis 25-27. Hungaroring &#8211; id\u0151m\u00e9r\u00e9s \u2022 verseny I. \u2022\u00a0 verseny II. M\u00e1jus 2-4. Hungaroring \u2013 FIA WTCC &#8211; id\u0151m\u00e9r\u00e9s \u2022 verseny I. \u2022\u00a0 verseny II. M\u00e1jus 9-11. Slovakiaring \u2013 FIA WTCC &#8211; id\u0151m\u00e9r\u00e9s \u2022 verseny I. \u2022\u00a0 verseny II. J\u00fanius 20-22. Pannoniaring &#8211; id\u0151m\u00e9r\u00e9s \u2022 verseny I. \u2022\u00a0 verseny II. Augusztus 21-23. [&hellip;]\" \/>\n<meta property=\"og:url\" content=\"https:\/\/timgabor.hu\/en\/eredmenyek-2\/\" \/>\n<meta property=\"og:site_name\" content=\"TimGabor.hu\" \/>\n<meta property=\"article:modified_time\" content=\"2016-01-06T12:31:37+00:00\" \/>\n<meta name=\"twitter:card\" content=\"summary_large_image\" \/>\n<script type=\"application\/ld+json\" class=\"yoast-schema-graph\">{\"@context\":\"https:\\\/\\\/schema.org\",\"@graph\":[{\"@type\":\"WebPage\",\"@id\":\"https:\\\/\\\/timgabor.hu\\\/eredmenyek-2\\\/\",\"url\":\"https:\\\/\\\/timgabor.hu\\\/eredmenyek-2\\\/\",\"name\":\"Eredm\u00e9nyek 2014 - TimGabor.hu\",\"isPartOf\":{\"@id\":\"https:\\\/\\\/timgabor.hu\\\/#website\"},\"datePublished\":\"2014-02-11T16:58:26+00:00\",\"dateModified\":\"2016-01-06T12:31:37+00:00\",\"breadcrumb\":{\"@id\":\"https:\\\/\\\/timgabor.hu\\\/eredmenyek-2\\\/#breadcrumb\"},\"inLanguage\":\"en-GB\",\"potentialAction\":[{\"@type\":\"ReadAction\",\"target\":[\"https:\\\/\\\/timgabor.hu\\\/eredmenyek-2\\\/\"]}]},{\"@type\":\"BreadcrumbList\",\"@id\":\"https:\\\/\\\/timgabor.hu\\\/eredmenyek-2\\\/#breadcrumb\",\"itemListElement\":[{\"@type\":\"ListItem\",\"position\":1,\"name\":\"Kezd\u0151lap\",\"item\":\"https:\\\/\\\/timgabor.hu\\\/\"},{\"@type\":\"ListItem\",\"position\":2,\"name\":\"Eredm\u00e9nyek 2014\"}]},{\"@type\":\"WebSite\",\"@id\":\"https:\\\/\\\/timgabor.hu\\\/#website\",\"url\":\"https:\\\/\\\/timgabor.hu\\\/\",\"name\":\"TimGabor.hu\",\"description\":\"Tim G\u00e1bor hivatalos weboldala \\\/ H\u00e9tszeres bajnok aut\u00f3versenyz\u0151\",\"publisher\":{\"@id\":\"https:\\\/\\\/timgabor.hu\\\/#\\\/schema\\\/person\\\/226226f5bdfe2a1cf1501afbb75ebd6a\"},\"potentialAction\":[{\"@type\":\"SearchAction\",\"target\":{\"@type\":\"EntryPoint\",\"urlTemplate\":\"https:\\\/\\\/timgabor.hu\\\/?s={search_term_string}\"},\"query-input\":{\"@type\":\"PropertyValueSpecification\",\"valueRequired\":true,\"valueName\":\"search_term_string\"}}],\"inLanguage\":\"en-GB\"},{\"@type\":[\"Person\",\"Organization\"],\"@id\":\"https:\\\/\\\/timgabor.hu\\\/#\\\/schema\\\/person\\\/226226f5bdfe2a1cf1501afbb75ebd6a\",\"name\":\"emerico\",\"image\":{\"@type\":\"ImageObject\",\"inLanguage\":\"en-GB\",\"@id\":\"https:\\\/\\\/timgabor.hu\\\/wp-content\\\/uploads\\\/2021\\\/09\\\/timgabor2022-350x100-1.svg\",\"url\":\"https:\\\/\\\/timgabor.hu\\\/wp-content\\\/uploads\\\/2021\\\/09\\\/timgabor2022-350x100-1.svg\",\"contentUrl\":\"https:\\\/\\\/timgabor.hu\\\/wp-content\\\/uploads\\\/2021\\\/09\\\/timgabor2022-350x100-1.svg\",\"width\":350,\"height\":100,\"caption\":\"emerico\"},\"logo\":{\"@id\":\"https:\\\/\\\/timgabor.hu\\\/wp-content\\\/uploads\\\/2021\\\/09\\\/timgabor2022-350x100-1.svg\"}}]}<\/script>\n<!-- \/ Yoast SEO plugin. -->","yoast_head_json":{"title":"Eredm\u00e9nyek 2014 - TimGabor.hu","robots":{"index":"index","follow":"follow","max-snippet":"max-snippet:-1","max-image-preview":"max-image-preview:large","max-video-preview":"max-video-preview:-1"},"canonical":"https:\/\/timgabor.hu\/en\/eredmenyek-2\/","og_locale":"en_GB","og_type":"article","og_title":"Eredm\u00e9nyek 2014 - TimGabor.hu","og_description":"RCM CUP 2014 \u00c1prilis 25-27. Hungaroring &#8211; id\u0151m\u00e9r\u00e9s \u2022 verseny I. \u2022\u00a0 verseny II. M\u00e1jus 2-4. Hungaroring \u2013 FIA WTCC &#8211; id\u0151m\u00e9r\u00e9s \u2022 verseny I. \u2022\u00a0 verseny II. M\u00e1jus 9-11. Slovakiaring \u2013 FIA WTCC &#8211; id\u0151m\u00e9r\u00e9s \u2022 verseny I. \u2022\u00a0 verseny II. J\u00fanius 20-22. Pannoniaring &#8211; id\u0151m\u00e9r\u00e9s \u2022 verseny I. \u2022\u00a0 verseny II. Augusztus 21-23. [&hellip;]","og_url":"https:\/\/timgabor.hu\/en\/eredmenyek-2\/","og_site_name":"TimGabor.hu","article_modified_time":"2016-01-06T12:31:37+00:00","twitter_card":"summary_large_image","schema":{"@context":"https:\/\/schema.org","@graph":[{"@type":"WebPage","@id":"https:\/\/timgabor.hu\/eredmenyek-2\/","url":"https:\/\/timgabor.hu\/eredmenyek-2\/","name":"Eredm\u00e9nyek 2014 - TimGabor.hu","isPartOf":{"@id":"https:\/\/timgabor.hu\/#website"},"datePublished":"2014-02-11T16:58:26+00:00","dateModified":"2016-01-06T12:31:37+00:00","breadcrumb":{"@id":"https:\/\/timgabor.hu\/eredmenyek-2\/#breadcrumb"},"inLanguage":"en-GB","potentialAction":[{"@type":"ReadAction","target":["https:\/\/timgabor.hu\/eredmenyek-2\/"]}]},{"@type":"BreadcrumbList","@id":"https:\/\/timgabor.hu\/eredmenyek-2\/#breadcrumb","itemListElement":[{"@type":"ListItem","position":1,"name":"Kezd\u0151lap","item":"https:\/\/timgabor.hu\/"},{"@type":"ListItem","position":2,"name":"Eredm\u00e9nyek 2014"}]},{"@type":"WebSite","@id":"https:\/\/timgabor.hu\/#website","url":"https:\/\/timgabor.hu\/","name":"TimGabor.hu","description":"Tim G\u00e1bor hivatalos weboldala \/ H\u00e9tszeres bajnok aut\u00f3versenyz\u0151","publisher":{"@id":"https:\/\/timgabor.hu\/#\/schema\/person\/226226f5bdfe2a1cf1501afbb75ebd6a"},"potentialAction":[{"@type":"SearchAction","target":{"@type":"EntryPoint","urlTemplate":"https:\/\/timgabor.hu\/?s={search_term_string}"},"query-input":{"@type":"PropertyValueSpecification","valueRequired":true,"valueName":"search_term_string"}}],"inLanguage":"en-GB"},{"@type":["Person","Organization"],"@id":"https:\/\/timgabor.hu\/#\/schema\/person\/226226f5bdfe2a1cf1501afbb75ebd6a","name":"emerico","image":{"@type":"ImageObject","inLanguage":"en-GB","@id":"https:\/\/timgabor.hu\/wp-content\/uploads\/2021\/09\/timgabor2022-350x100-1.svg","url":"https:\/\/timgabor.hu\/wp-content\/uploads\/2021\/09\/timgabor2022-350x100-1.svg","contentUrl":"https:\/\/timgabor.hu\/wp-content\/uploads\/2021\/09\/timgabor2022-350x100-1.svg","width":350,"height":100,"caption":"emerico"},"logo":{"@id":"https:\/\/timgabor.hu\/wp-content\/uploads\/2021\/09\/timgabor2022-350x100-1.svg"}}]}},"_links":{"self":[{"href":"https:\/\/timgabor.hu\/en\/wp-json\/wp\/v2\/pages\/3177","targetHints":{"allow":["GET"]}}],"collection":[{"href":"https:\/\/timgabor.hu\/en\/wp-json\/wp\/v2\/pages"}],"about":[{"href":"https:\/\/timgabor.hu\/en\/wp-json\/wp\/v2\/types\/page"}],"author":[{"embeddable":true,"href":"https:\/\/timgabor.hu\/en\/wp-json\/wp\/v2\/users\/1"}],"replies":[{"embeddable":true,"href":"https:\/\/timgabor.hu\/en\/wp-json\/wp\/v2\/comments?post=3177"}],"version-history":[{"count":10,"href":"https:\/\/timgabor.hu\/en\/wp-json\/wp\/v2\/pages\/3177\/revisions"}],"predecessor-version":[{"id":3935,"href":"https:\/\/timgabor.hu\/en\/wp-json\/wp\/v2\/pages\/3177\/revisions\/3935"}],"wp:attachment":[{"href":"https:\/\/timgabor.hu\/en\/wp-json\/wp\/v2\/media?parent=3177"}],"curies":[{"name":"wp","href":"https:\/\/api.w.org\/{rel}","templated":true}]}}

Eredmények 2014

<h2 id="stcpDiv" style="text-align: center;">RCM CUP 2014</h2>
<div style="text-align: center;">Április 25-27. Hungaroring &#8211; <a href="https://www.scribd.com/doc/243078480/RCM-CUP-I-verseny-id%C5%91meres" target="_blank">időmérés</a> • <a href="https://www.scribd.com/doc/243078485/RCM-CUP-I-verseny" target="_blank">verseny I.</a> •  <a href="https://www.scribd.com/doc/243078489/RCM-CUP-II-verseny" target="_blank">verseny II. </a></div>
<div style="text-align: center;">Május 2-4. Hungaroring – FIA WTCC &#8211; <a href="https://www.scribd.com/doc/243079372/RCM-CUP-III-verseny-id%C5%91meres" target="_blank">időmérés</a> • <a href="https://www.scribd.com/doc/243079243/RCM-CUP-III-verseny" target="_blank">verseny I.</a> •  <a href="https://www.scribd.com/doc/243079447/RCM-CUP-IV-verseny" target="_blank">verseny II. </a></div>
<div style="text-align: center;">Május 9-11. Slovakiaring – FIA WTCC &#8211; <a href="https://www.scribd.com/doc/243079777/RCM-CUP-V-verseny-id%C5%91meres" target="_blank">időmérés</a> • <a href="https://www.scribd.com/doc/243079838/RCM-CUP-V-verseny" target="_blank">verseny I.</a> •  <a href="https://www.scribd.com/doc/243079873/RCM-CUP-VI-verseny" target="_blank">verseny II. </a></div>
<div style="text-align: center;">Június 20-22. Pannoniaring &#8211; <a href="https://www.scribd.com/doc/243081338/RCM-CUP-VII-verseny-id%C5%91meres" target="_blank">időmérés</a> • <a href="https://www.scribd.com/doc/243081399/RCM-CUP-VII-verseny" target="_blank">verseny I.</a> •  <a href="https://www.scribd.com/doc/243081442/RCM-CUP-VIII-verseny" target="_blank">verseny II. </a></div>
<div style="text-align: center;">Augusztus 21-23. Slovakiaring – FIA GT &#8211; időmérés • verseny I. •  verseny II.</div>
<div style="text-align: center;">Október 10-12. Hungaroring &#8211; <a href="https://www.scribd.com/doc/243078480/RCM-CUP-I-verseny-id%C5%91meres" target="_blank">időmérés 1.</a> • <a href="https://www.scribd.com/doc/243083344/RCM-CUP-IX-verseny" target="_blank">verseny I.</a> •  <a href="https://www.scribd.com/doc/243083378/RCM-CUP-X-verseny" target="_blank">verseny II. </a>• <a href="https://www.scribd.com/doc/243083439/RCM-CUP-XI-verseny" target="_blank">verseny III.</a></div>
<div style="text-align: center;"></div>
<div style="text-align: center;">•••••</div>
<p style="text-align: center;"><a href="http://timgabor.hu/en/?page_id=641">Archive 2010-2013</a></p>

<p>RCM CUP 2014 Április 25-27. Hungaroring &#8211; időmérés • verseny I. •  verseny II. Május 2-4. Hungaroring – FIA WTCC &#8211; időmérés • verseny I. •  verseny II. Május 9-11. Slovakiaring – FIA WTCC &#8211; időmérés • verseny I. •  verseny II. Június 20-22. Pannoniaring &#8211; időmérés • verseny I. •  verseny II. Augusztus 21-23. [&hellip;]</p>

<!-- This site is optimized with the Yoast SEO plugin v27.4 - https://yoast.com/product/yoast-seo-wordpress/ -->
<title>Eredmények 2014 - TimGabor.hu</title>
<meta name="robots" content="index, follow, max-snippet:-1, max-image-preview:large, max-video-preview:-1" />
<link rel="canonical" href="https://timgabor.hu/en/eredmenyek-2/" />
<meta property="og:locale" content="en_GB" />
<meta property="og:type" content="article" />
<meta property="og:title" content="Eredmények 2014 - TimGabor.hu" />
<meta property="og:description" content="RCM CUP 2014 Április 25-27. Hungaroring &#8211; időmérés • verseny I. •  verseny II. Május 2-4. Hungaroring – FIA WTCC &#8211; időmérés • verseny I. •  verseny II. Május 9-11. Slovakiaring – FIA WTCC &#8211; időmérés • verseny I. •  verseny II. Június 20-22. Pannoniaring &#8211; időmérés • verseny I. •  verseny II. Augusztus 21-23. [&hellip;]" />
<meta property="og:url" content="https://timgabor.hu/en/eredmenyek-2/" />
<meta property="og:site_name" content="TimGabor.hu" />
<meta property="article:modified_time" content="2016-01-06T12:31:37+00:00" />
<meta name="twitter:card" content="summary_large_image" />
<script type="application/ld+json" class="yoast-schema-graph">{"@context":"https:\/\/schema.org","@graph":[{"@type":"WebPage","@id":"https:\/\/timgabor.hu\/eredmenyek-2\/","url":"https:\/\/timgabor.hu\/eredmenyek-2\/","name":"Eredmények 2014 - TimGabor.hu","isPartOf":{"@id":"https:\/\/timgabor.hu\/#website"},"datePublished":"2014-02-11T16:58:26+00:00","dateModified":"2016-01-06T12:31:37+00:00","breadcrumb":{"@id":"https:\/\/timgabor.hu\/eredmenyek-2\/#breadcrumb"},"inLanguage":"en-GB","potentialAction":[{"@type":"ReadAction","target":["https:\/\/timgabor.hu\/eredmenyek-2\/"]}]},{"@type":"BreadcrumbList","@id":"https:\/\/timgabor.hu\/eredmenyek-2\/#breadcrumb","itemListElement":[{"@type":"ListItem","position":1,"name":"Kezdőlap","item":"https:\/\/timgabor.hu\/"},{"@type":"ListItem","position":2,"name":"Eredmények 2014"}]},{"@type":"WebSite","@id":"https:\/\/timgabor.hu\/#website","url":"https:\/\/timgabor.hu\/","name":"TimGabor.hu","description":"Tim Gábor hivatalos weboldala \/ Hétszeres bajnok autóversenyző","publisher":{"@id":"https:\/\/timgabor.hu\/#\/schema\/person\/226226f5bdfe2a1cf1501afbb75ebd6a"},"potentialAction":[{"@type":"SearchAction","target":{"@type":"EntryPoint","urlTemplate":"https:\/\/timgabor.hu\/?s={search_term_string}"},"query-input":{"@type":"PropertyValueSpecification","valueRequired":true,"valueName":"search_term_string"}}],"inLanguage":"en-GB"},{"@type":["Person","Organization"],"@id":"https:\/\/timgabor.hu\/#\/schema\/person\/226226f5bdfe2a1cf1501afbb75ebd6a","name":"emerico","image":{"@type":"ImageObject","inLanguage":"en-GB","@id":"https:\/\/timgabor.hu\/wp-content\/uploads\/2021\/09\/timgabor2022-350x100-1.svg","url":"https:\/\/timgabor.hu\/wp-content\/uploads\/2021\/09\/timgabor2022-350x100-1.svg","contentUrl":"https:\/\/timgabor.hu\/wp-content\/uploads\/2021\/09\/timgabor2022-350x100-1.svg","width":350,"height":100,"caption":"emerico"},"logo":{"@id":"https:\/\/timgabor.hu\/wp-content\/uploads\/2021\/09\/timgabor2022-350x100-1.svg"}}]}</script>
<!-- / Yoast SEO plugin. -->

Eredmények 2014 - TimGabor.hu

RCM CUP 2014 Április 25-27. Hungaroring &#8211; időmérés • verseny I. •  verseny II. Május 2-4. Hungaroring – FIA WTCC &#8211; időmérés • verseny I. •  verseny II. Május 9-11. Slovakiaring – FIA WTCC &#8211; időmérés • verseny I. •  verseny II. Június 20-22. Pannoniaring &#8211; időmérés • verseny I. •  verseny II. Augusztus 21-23. [&hellip;]

Kezdőlap

Tim Gábor hivatalos weboldala / Hétszeres bajnok autóversenyző
